 divide 206386560?
True
Is 2 a factor of 15681848?
True
Does 631 divide 2656092909?
True
Is 1746500573 a multiple of 104?
False
Does 8 divide 513869832?
True
Is 804 a factor of 684544896?
True
Is 43 a factor of 3155297?
True
Is 65976817 a multiple of 2003?
True
Is 8 a factor of 14189051?
False
Does 823 divide 46022983?
True
Does 352 divide 31601474?
False
Is 253 a factor of 4899716151?
True
Does 2 divide 2713692?
True
Is 465 a factor of 53980455?
True
Is 29 a factor of 1877767516?
True
Does 298 divide 282395836?
False
Does 87 divide 1164042152?
False
Is 261174639 a multiple of 6?
False
Is 14 a factor of 1653717305?
False
Is 36 a factor of 3543971184?
True
Is 11164972 a multiple of 14?
True
Does 28 divide 4241594683?
False
Is 79 a factor of 123908926?
False
Does 100 divide 2287222156?
False
Is 107 a factor of 28861953?
False
Does 148 divide 33199804?
True
Does 58 divide 12889401?
False
Does 2941 divide 68275315?
True
Does 373 divide 157755874?
True
Is 1701874712 a multiple of 11?
False
Is 85 a factor of 144126765?
True
Is 23 a factor of 55776838?
False
Does 10 divide 134357174?
False
Does 352 divide 62559200?
True
Is 176 a factor of 368271418?
False
Does 54 divide 776045826?
True
Is 85189922 a multiple of 227?
True
Is 6 a factor of 12647664?
True
Is 11 a factor of 1192819208?
False
Is 585589078 a multiple of 128?
False
Is 118703116 a multiple of 28?
True
Is 949453285 a multiple of 655?
True
Is 31260828 a multiple of 516?
True
Is 3270337 a multiple of 469?
True
Does 16 divide 1337915717?
False
Does 8 divide 349595114?
False
Is 186 a factor of 14853575?
False
Does 1134 divide 18452448?
True
Does 27 divide 119975997?
False
Is 69894045 a multiple of 49?
False
Does 4685 divide 2482997569?
False
Is 24674116 a multiple of 15?
False
Is 253914 a multiple of 2?
True
Does 65 divide 1290900195?
True
Is 2054 a factor of 312353834?
True
Does 22 divide 838280850?
True
Is 3871848 a multiple of 58?
True
Is 9 a factor of 372109338?
True
Does 36 divide 113402958?
False
Does 2727 divide 1026838215?
True
Is 2562956 a multiple of 682?
True
Is 214 a factor of 347266574?
True
Does 453 divide 458131584?
True
Is 4366 a factor of 1298520947?
False
Is 120487436 a multiple of 173?
False
Does 34 divide 1379903884?
False
Is 16 a factor of 156458283?
False
Is 619843617 a multiple of 8?
False
Is 4353882 a multiple of 8?
False
Is 41776207 a multiple of 108?
False
Is 8541 a factor of 1465965583?
False
Is 13 a factor of 46044170?
False
Is 12 a factor of 70365276?
True
Is 1437 a factor of 39534671?
False
Is 3736 a factor of 544189496?
True
Does 101 divide 37638054?
True
Is 67420105 a multiple of 357?
False
Does 12 divide 6526391?
False
Is 2408 a factor of 368106144?
True
Is 9 a factor of 98474571?
True
Does 46 divide 72926606?
True
Does 551 divide 213862?
False
Does 1459 divide 371460339?
False
Does 229 divide 382385219?
False
Does 59 divide 26768507?
False
Is 529 a factor of 1072120968?
False
Does 1879 divide 65347235?
False
Is 23 a factor of 147162625?
True
Is 203 a factor of 35037093?
False
Is 207 a factor of 90479286?
True
Is 250691272 a multiple of 52?
True
Is 396 a factor of 324366163?
False
Is 11127974 a multiple of 902?
True
Is 612 a factor of 91088977?
False
Does 30 divide 478384020?
True
Is 52 a factor of 1514032?
True
Is 1093 a factor of 1221243876?
True
Is 80464242 a multiple of 80?
False
Does 243 divide 1239500961?
True
Is 349529 a multiple of 132?
False
Is 1265770716 a multiple of 13?
False
Is 5 a factor of 204842055?
True
Is 49538266 a multiple of 62?
False
Is 325696597 a multiple of 13?
False
Is 200 a factor of 3819128?
False
Is 1062414 a multiple of 6?
True
Does 31 divide 1106314192?
False
Does 2080 divide 29990197?
False
Is 309 a factor of 8298004?
False
Is 38518909 a multiple of 143?
True
Is 66 a factor of 3001457635?
False
Is 1452918024 a multiple of 307?
True
Does 12 divide 2547226030?
False
Is 24168109 a multiple of 12?
False
Is 3209409 a multiple of 27?
True
Is 5668488 a multiple of 207?
True
Does 27 divide 1561122?
False
Does 41 divide 38104375?
True
Does 31 divide 44726428?
True
Is 21 a factor of 138134745?
True
Is 2991275342 a multiple of 22?
True
Is 2695379057 a multiple of 1465?
False
Is 69 a factor of 72887598?
True
Is 35 a factor of 369826520?
True
Is 10930968 a multiple of 156?
False
Is 1293132896 a multiple of 22?
True
Is 20 a factor of 190600345?
False
Is 106334371 a multiple of 17?
True
Is 23508936 a multiple of 557?
False
Is 126 a factor of 301613955?
False
Is 276881123 a multiple of 11?
False
Is 1443 a factor of 41631248?
False
Does 11 divide 1102438?
False
Is 929 a factor of 153219041?
True
Does 95 divide 46343774?
False
Is 349297402 a multiple of 29?
True
Is 5226144 a multiple of 2121?
True
Is 28 a factor of 43222535?
False
Is 2062 a factor of 6627268?
True
Is 93569868 a multiple of 4228?
True
Is 56 a factor of 20582968?
True
Is 125 a factor of 31048500?
True
Is 8025552 a multiple of 184?
False
Is 98291740 a multiple of 6?
False
Is 2138141049 a multiple of 2487?
True
Is 106024728 a multiple of 1726?
True
Is 95 a factor of 290795928?
False
Is 21 a factor of 190383522?
True
Is 35 a factor of 21298323?
False
Is 658 a factor of 823107992?
True
Is 8 a factor of 12793591?
False
Does 595 divide 446031040?
True
Is 192 a factor of 1817803776?
True
Is 11290923 a multiple of 14?
False
Does 6 divide 17457521?
False
Is 2035741178 a multiple of 59?
False
Is 378541576 a multiple of 123?
False
Is 6342752 a multiple of 208?
True
Is 124 a factor of 548863928?
True
Does 1905 divide 67307460?
True
Is 728 a factor of 385292373?
False
Is 2 a factor of 8016635?
False
Is 22 a factor of 3782460?
True
Is 1897873292 a multiple of 19?
True
Is 6547 a factor of 678577262?
False
Is 17 a factor of 43838308?
True
Is 30 a factor of 17036464?
False
Does 6085 divide 434720919?
False
Does 15 divide 9264090?
True
Does 10 divide 161297010?
True
Is 6108893556 a multiple of 1844?
True
Is 43 a factor of 56306737?
True
Is 20823744 a multiple of 57?
False
Is 3069080243 a multiple of 541?
False
Is 487050284 a multiple of 658?
True
Is 13828661 a multiple of 12?
False
Does 14 divide 1379507659?
False
Is 1393485140 a multiple of 1139?
False
Is 10655 a factor of 778987050?
True
Is 12025666 a multiple of 6?
False
Is 2292735298 a multiple of 206?
True
Is 4484 a factor of 546311833?
False
Does 810 divide 34257254?
False
Is 99304434 a multiple of 715?
False
Does 343 divide 294744674?
False
Is 82287246 a multiple of 4006?
True
Does 14 divide 214209420?
False
Does 34 divide 14914549?
False
Is 6 a factor of 903556236?
True
Is 18479490 a multiple of 7?
False
Is 70 a factor of 96643802?
False
Does 15 divide 1348731593?
False
Is 1021784898 a multiple of 34?
True
Does 10 divide 10766747?
False
Is 22 a factor of 543034049?
False
Is 35204540 a multiple of 4?
True
Is 2234781808 a multiple of 20?
False
Does 819 divide 21119553?
True
Is 652 a factor of 21492528?
True
Is 42 a factor of 471703848?
True
Is 57 a factor of 717341968?
False
Is 20 a factor of 25750960?
True
Is 20430210 a multiple of 290?
True
Is 324895411 a multiple of 3562?
False
Is 4834048 a multiple of 30?
False
Is 4 a factor of 111550529?
False
Is 31 a factor of 23126620?
True
Is 368620645 a multiple of 11?
False
Is 304 a factor of 162246016?
True
Is 115 a factor of 3076135?
True
Is 731 a factor of 137801303?
False
Is 25448264 a multiple of 330?
False
Does 8 divide 1775586888?
True
Does 4 divide 12452624?
True
Is 32 a factor of 166231808?
True
Is 994 a factor of 1005105962?
True
Is 445 a factor of 759266120?
True
Does 2844 divide 1100940840?
True
Is 6108388 a multiple of 236?
True
Is 73799097 a multiple of 21?
False
Does 74 divide 906489836?
False
Is 573 a factor of 2891963661?
True
Is 258 a factor of 800458120?
False
Is 5130809 a multiple of 2?
False
Is 66102021 a multiple of 47?
False
Does 102 divide 3291109118?
False
Is 1608412149 a multiple of 1311?
True
Does 4624 divide 242200496?
True
Does 13 divide 5553305771?
True
Is 286052833 a multiple of 113?
True
Is 240374976 a multiple of 16?
True
Does 22 divide 69489332?
True
Is 247 a factor of 2432504665?
False
Is 5654336 a multiple of 1927?
False
Does 6774 divide 484462071?
False
Is 1805 a factor of 29602417?
False
Does 155 divide 421820?
False
Does 142 divide 435894895?
False
Is 344468480